e third derivative of w(u). Determine k(-4).
9
Let f = -3 + 6. Suppose -7*o = -5*w - 2*o, 4*w + 2*o - 12 = 0. Suppose w*c + 5*z = 22, 3*c - 18 + 3 = -f*z. Let p(d) = -3*d. What is p(c)?
-3
Let l(g) = -g**2 + 2*g - 2. Let d be (1 - -23)*(-3)/(-4). Suppose 5*w = 9 + 1. Suppose -w*k = -6*k - 4*m, -d = -4*k + 5*m. What is l(k)?
-2
Let i be (-57)/(-12) - (-3)/12. Let b(g) = 6 - 2 + 6 - i + 3*g. Determine b(-4).
-7
Let k be (2 + 4)*(-6)/12. Let s(d) = -3*d - 4. Give s(k).
5
Let g be (-270)/(-24) - (-1)/(-4). Let k = -6 + g. Let v(h) = h**2. Let c(p) = -p**3 + 10*p**2 + 5*p + 3. Let f(z) = -c(z) + 6*v(z). Give f(k).
-3
Let j(k) = 6*k - 1. Let h(o) = 6*o. Let g(r) = 5*h(r) - 6*j(r). Let v(s) = -5*s + 5. Let t(u) = -3*g(u) + 4*v(u). Give t(4).
-6
Let f(o) be the first derivative of o**3/3 - 5*o**2/2 - 3. Let y be (3 - -7)/(1 + 1). Calculate f(y).
0
Let w(r) = -2*r - 11*r - 4*r - 15*r**2 + 18*r. Determine w(-1).
-16
Let n(o) be the first derivative of -3*o**4/2 + o**3/3 - o - 21. Let f = 3 + -4. What is n(f)?
6
Let v = -10 + 16. Let y be 0*(9/v + -1). Suppose -5*x = -l - 0*l - 8, y = -2*x + 2*l. Let m(u) = u**2 - 2*u. Determine m(x).
0
Let o(u) = 9*u + 10. Let d(m) = -13*m - 15. Let b(c) = 5*d(c) + 7*o(c). Determine b(-4).
3
Let u be 1*(-3 - 22/(-2)). Suppose -u = -2*r - 20. Let y(h) = -h**3 - 6*h**2 - h - 1. What is y(r)?
5
Let t(v) = -6*v. Suppose 0 = -2*l + 5*o - 22, 2*l + 2*o + 1 = 7. What is t(l)?
6
Let a(q) = -1 + 2*q + 5 - 3 - 4. Determine a(2).
1
Let w(c) be the second derivative of c**5/120 - c**4/24 + c**3/3 - c. Let s(o) be the second derivative of w(o). What is s(5)?
4
Let x(v) = 16 + 12 - 34 - v. Let h(w) = -5*w**3 + 2*w**2 - 1. Let r be h(1). What is x(r)?
-2
Let d be (1/(-2))/((-1)/2). Let q(w) = -3 + 1 - 3*w**2 - d + 2*w**3 + 4. Calculate q(2).
5
Suppose 4*i + 4 + 20 = 0. Let x(m) = m**2 + 7*m + 8. Give x(i).
2
Let u = -11 - -16. Let t(n) be the third derivative of n**5/120 - 5*n**4/12 - n**3/3 + 6*n**2. Let h(r) be the first derivative of t(r). Give h(u).
-5
Suppose 3*x + 13 = 3*l - 14, -l = 3*x + 3. Let g(y) = y**2 - 6*y + 2. What is g(l)?
2
Let q(k) be the third derivative of 0 + 1/60*k**5 + 1/6*k**4 + 1/6*k**3 + 2*k**2 + 0*k. What is q(-4)?
1
Let u be -1*4/12*6. Let j(c) = 4*c + 1. Calculate j(u).
-7
Let k(h) = h**3 - h**2 + 6. Suppose -5*w = i + 8, w - 5 = -5*i + 3. Suppose -4*r = -5*j - i*r - 8, 8 = -3*j + 2*r. Let o be 3/(-18)*-3*j. Give k(o).
6
Let n(w) = -w**3 - 6*w**2 - 6*w + 2. Let p be ((1 - 1) + 2)/2. Let c be p/1 - 2 - -6. Let i be 4/2*c/(-2). Determine n(i).
7
Let y(k) be the third derivative of 3*k**2 - 1/60*k**5 + 0*k + 0 + 1/8*k**4 - 1/3*k**3 - 1/120*k**6. Give y(2).
-8
Let m(b) = b**2 + 5*b + 3. Let i = 2 - 0. Suppose -i*t - 5*c = -15, 3*t + c = -c + 50. Suppose -6*a - t = -2*a. Determine m(a).
3
Suppose b = -3*y + 2*y - 1, 2*y - 6 = -4*b. Let n(o) = 2*o + 2. Let a(t) be the first derivative of 3*t**2/2 + 3*t + 1. Let x(p) = y*a(p) + 7*n(p). Give x(4).
-5
Let z(y) = -y + 4. Let w(d) = -3*d + 9. Let u(v) = -2*w(v) + 5*z(v). Determine u(-8).
-6
Let k(g) = -g**2 - 2*g**3 + 2*g**2 + 4*g**2 + 3*g**3 - 1 + g. Calculate k(-5).
-6
Let y(s) = 6 - 4 - 3 - 2 + 2*s. What is y(5)?
7
Suppose 0 = -0*m + 6*m. Let w(c) be the third derivative of m*c + 1/120*c**6 + 5/6*c**3 - 1/15*c**5 - c**2 + 0 - 1/12*c**4. Calculate w(4).
-3
Let v(f) = 6*f + 2*f - 4*f. Suppose -1 = -2*m + 3*h, -m - 3*h = -4*h. Calculate v(m).
-4
Let f = 11 - 8. Let n(y) = 0*y**2 - 4 - 6*y**2 + 1 + y**f + 5*y. Suppose -b + 0*t = 3*t - 20, -5*b - 5*t + 50 = 0. What is n(b)?
-3
Let n(q) = -4 + 14*q**2 + 2*q + 17*q**2 - 30*q**2. Let h(r) = -r**2 + r - 4. Let w be h(0). Calculate n(w).
4
Let x(m) be the first derivative of -2*m**2 + m + 11. Give x(-2).
9
Suppose s - 3*j = -5*j + 1, -3*j = -3*s + 3. Let i(m) = 2*m + 6. Let x(r) = -r. Let g(n) = s*x(n) + i(n). Give g(-5).
1
Let x(i) = i**3 - 7*i**2 + 6*i - 1. Suppose -4*q = -3*w - 2, -5*q - w + 18 = 3*w. Suppose b - 4*z + 9 = 0, 0 = -q*z - 0 + 4. Let a = b + 7. Calculate x(a).
-1
Let n(a) be the first derivative of a**2 + 3*a - 1/3*a**3 + 3. What is n(3)?
0
Let t(b) = -8*b + 11. Let h(c) = 3*c - 4. Let i(f) = 11*h(f) + 4*t(f). Let w = 9 - 12. Give i(w).
-3
Let j(h) = h**2 + 11*h**3 + 41 - h - 42 + 9*h**3. Give j(-1).
-19
Let i(j) = j + 11. Let x be i(-5). Let t(w) = -w**2 + 8*w - 5. Let u(o) = -o. Let g(d) = -t(d) - 2*u(d). Determine g(x).
5
Let i(u) be the first derivative of u**4/4 - 5*u**3/3 - u**2/2 + 3*u + 2. Suppose -5*r - 2*y = 3*y - 10, 0 = y + 3. Calculate i(r).
-2
Let s be 48/(-9) + (-2)/(-6). Let r(p) = p**3 + 5*p**2 - 4. Calculate r(s).
-4
Let c(q) = -q - 2. Suppose -24 = 4*r + 4. Determine c(r).
5
Let k(a) = a**2 + 8*a + 5. Let h(v) = -v**2 - 11*v - 4. Let w be h(-11). Determine k(w).
-11
Let l(u) = -u**3 + 4*u**2 + 8*u - 7. Suppose 5*w - 3*m = 19, m - 6 = -4*w + 16. Determine l(w).
8
Suppose i - x + 1 = -i, 3*i = -x - 4. Let j(y) = -3*y**3 - y**2 + 3*y - 3*y. Let u be j(i). Let p(l) = -l**2 + 2*l - 3. Determine p(u).
-3
Suppose 0 = 9*k - 12*k. Let x(t) = t**3 - t**2 - t - 5. What is x(k)?
-5
Let x(i) be the third derivative of i**4/24 + i**3/6 + 6*i**2. Calculate x(-1).
0
Let b(l) = 2*l - l**3 - 1 + 4*l**2 + 4 - 6*l. Suppose 2*x = 5*a + 4, 0*a - 10 = -5*x - a. What is b(x)?
3
Let i(h) = -h**2 - h + 1. Let w(g) = g**3 + 2*g**2 + 2*g - 3. Let y(t) = 3*i(t) + w(t). Let a(j) = 2*j**3 + 3*j**2 - 1. Let p(z) = -a(z) + y(z). Give p(-4).
5
Let g(d) be the first derivative of d**3/3 + 3*d**2 + d - 4. What is g(-6)?
1
Let s(y) = y - 1 + 1 + 1 - 16*y**2. Determine s(-1).
-16
Let t(d) = -3*d - d**3 + 3*d - 2 - 2*d - 3*d**2. Let v be (-4)/1 + (-7)/(14/(-4)). Determine t(v).
-2
Let p(r) be the third derivative of -5*r**4/24 - 4*r**2. What is p(-1)?
5
Let z(x) = x**2 - 5*x + 2. Let l be z(5). Let b be (3/1)/(6/4). Let f(i) = l*i - b + 5 - 2*i**2 + i**2. Determine f(4).
-5
Let b(a) = -a + 2. Let c be b(2). Suppose 8 + c = 4*v. Let j(u) = -u**3 - u - 6*u**v + 2 + 0*u**2 + 3*u**2. Determine j(-3).
5
Let o = 0 - -4. Let z(l) = l**3 - 10*l**2 - 2*l - 6. Let r(t) = -t**3 + 11*t**2 + 3*t + 7. Let s(a) = -5*r(a) - 6*z(a). Calculate s(o).
5
Let m(i) be the third derivative of -i**2 - 1/60*i**5 + 0 + 1/4*i**4 - 1/3*i**3 + 0*i. Let f = -9 + 13. Give m(f).
6
Let l(y) = -17*y**2 - 3*y - 5. Let h(f) = -8*f**2 - 2*f - 3. Let o(p) = -5*h(p) + 3*l(p). Calculate o(1).
-10
Suppose 0 = -4*q - 3*u + 22, 2*q + 2 = 2*u + 6. Let z(v) = -v**3 + 4*v**2 - 4. Let c be z(q). Let d be (-1 - 1)/(2 + c). Let n(h) = -9*h + 1. What is n(d)?
-8
Suppose 0*u - u = 0. Let j = 5 + u. Suppose -j*s = 5*y + 25, -5*y - 3 = 4*s + 18. Let p(f) = 4*f - 1. Determine p(y).
-5
Let b(z) = -z + 1. Suppose -7*k - 3 = -3*k + 5*l, 3*l + 6 = -k. Suppose -3*w - k*t - 20 = t, 2*w = 4*t + 20. Let n(h) = -h + 3. Let a be n(w). Give b(a).
-2
Suppose 4*v = -0*v + 8. Let p(c) = -c**2 + 2*c - 1. Let t(s) = s**2. Let f(o) = -p(o) - 2*t(o). Let r(u) be the first derivative of f(u). Give r(v).
-6
Suppose 0 = 5*c - 2*f - 31, 6*c - 9 = 3*c - 2*f. Suppose 3*k = c*k. Let v(l) = l + 1. Calculate v(k).
1
Let d = -1 + 0. Let n be 0 - (d/(-1) + -2). Let m(u) = 0 + 1 + 0*u**2 + u**2 + 0*u**2. Calculate m(n).
2
Let l(f) = -2 - 4*f + 5 + 0 + 3*f. Give l(-7).
10
Let o(l) = -3*l. Let f be o(2). Let v(t) be the third derivative of t**5/60 + t**4/4 + 2*t**3/3 + 9*t**2. Give v(f).
4
Let n(s) = s. Suppose -3*o = -7*o + 32. Determine n(o).
8
Let z(k) = k**2 - k**2 - 2 - 2*k**2. What is z(-2)?
-10
Let c be (-6)/2 + 3 + -3. Let l be 1/(c/9) + 3. Let o(n) = -3 + 9 + l + n. Give o(0).
6
Let h(z) = -11 + 4*z**3 + 12 + 2*z**2 + 3*z + 0*z**3 - z. Suppose 2*a - 4*m = 14, -12 = 4*a - 2*m + 4*m. What is h(a)?
-3
Let g(z) = 2*z - 3. Suppose -2*n = 5*o - 3*n - 27, 4*o = -3*n + 33. Let r be 16/2*o/12. Calculate g(r).
5
Let j(g) be the first derivative of g**3/3 - 4*g - 7. Give j(3).
5
Let m(v) = -v**2 - v + 2. Let u be (-32)/(-6)*(-6)/(-4). Let n = 5 - u. Let f(y) = 1. Let j(x) = n*f(x) + m(x). Calculate j(-3).
-7
Let r be (1 - 0 - 8) + -2. Let s be (-2)/8 - r/(-12). Let a(v) = -5*v**3 - v**2 - 2*v - 1. What is a(s)?
5
Let r be (-6)/2*(-3)/9. Let q be (-15)/(-21) - (-2)/7. Let g(h) = 3*h**2 - h**2 - q + 0 + 2*h. Give g(r).
3
Let w(a) = -a**2 + 4*a + 7. Let c(z) = -z. Let b be c(6). Let q = 0 - b. Let f be w(q). Let